{"id":30531,"date":"2025-05-19T17:05:52","date_gmt":"2025-05-19T14:05:52","guid":{"rendered":"https:\/\/lmsomeco.fi\/?post_type=webinaarit&#038;p=30531"},"modified":"2026-04-01T12:59:00","modified_gmt":"2026-04-01T09:59:00","slug":"vaikuttavaa-videomarkkinointia","status":"publish","type":"webinaarit","link":"https:\/\/lmsomeco.fi\/en\/webinaarit\/vaikuttavaa-videomarkkinointia\/","title":{"rendered":"Vaikuttavaa videomarkkinointia"},"content":{"rendered":"\n<p>Videomarkkinointi on kiistaton megatrendi, joka on paitsi yleis\u00f6n, my\u00f6s sosiaalisen median algoritmien suosiossa. Nyt viimeist\u00e4\u00e4n on aika tuulettaa perinteiset tavat kertoa tarinaanne, p\u00e4ivitt\u00e4\u00e4 videomarkkinoinnin strategianne vastaamaan nykyp\u00e4iv\u00e4n odotuksia ja tehd\u00e4 juuri teid\u00e4n n\u00e4k\u00f6ist\u00e4nne markkinointia.<\/p>\n\n\n\n<p>K\u00e4yt\u00e4nn\u00f6nl\u00e4heisess\u00e4 koulutuksessa saat katsauksen videomarkkinoinnin trendeihin eri sosiaalisen median alustoilla ja n\u00e4et inspiroivia esimerkkej\u00e4 hyvin toteutetuista ideoista eri l\u00e4hestymistavoilla. K\u00e4ymme l\u00e4pi videosuunnittelun alusta loppuun asti, tutustumme eri videoeditoreihin, joiden avulla voit tuottaa videoita helposti ja nopeasti, ja sivuamme my\u00f6s teko\u00e4lyn mahdollisuuksia videotuotannon apuna.<\/p>\n\n\n\n<p>Mainosrahalla saa n\u00e4ytt\u00f6kertoja, mutta toimiva sis\u00e4lt\u00f6 sitouttaa katsojan br\u00e4ndiin. Tule hakemaan avaimet vaikuttavaan videomarkkinointiin, joka vie br\u00e4ndisi uudelle tasolle.<\/p>\n\n\n\n<h2 class=\"wp-block-heading\">Ohjelmassa<\/h2>\n\n\n\n<p><\/p>\n\n\n\n<ul class=\"wp-block-list\">\n<li>Katsaus videomarkkinoinnin trendeihin<\/li>\n\n\n\n<li>Video sosiaalisessa mediassa \u2013 alustan ehdoilla<\/li>\n\n\n\n<li>Itse vai ostettuna? Vaikuttajayhteisty\u00f6t, UGC ja ty\u00f6ntekij\u00e4l\u00e4hettilyys<\/li>\n\n\n\n<li>Videosuunnittelu alusta loppuun \u2013 uusi draaman kaari, viestit ja saavutettavuus<\/li>\n\n\n\n<li>Videotuotannon ty\u00f6kalujen esittely<\/li>\n\n\n\n<li>Teko\u00e4ly apuna videotuotannossa<\/li>\n<\/ul>\n\n\n\n<div style=\"height:100px\" aria-hidden=\"true\" class=\"wp-block-spacer\"><\/div>\n\n\n\n<div class=\"wp-block-group has-white-background-color has-background is-vertical is-layout-flex wp-container-core-group-is-layout-fe9cc265 wp-block-group-is-layout-flex\">\n<h4 class=\"wp-block-heading\">Ajankohta ei sovi? Tilaa webinaaritallenne!<\/h4>\n\n\n\n<p>Haluaisitko osallistua webinaariimme, mutta sen ajankohta ei sovi kalenteriisi? Meill\u00e4 on ratkaisu t\u00e4h\u00e4n: osta katsottavaksi edellisen webinaaritoteutuksen tallenne!<\/p>\n\n\n\n<div class=\"wp-block-buttons is-layout-flex wp-block-buttons-is-layout-flex\">\n<div class=\"wp-block-button\"><a class=\"wp-block-button__link wp-element-button\" href=\"https:\/\/www.lyyti.in\/Webinaaritallenne_2026\" target=\"_blank\" rel=\"noreferrer noopener\">Osta nyt<\/a><\/div>\n<\/div>\n<\/div>\n","protected":false},"featured_media":0,"template":"","categories":[16,15],"class_list":["post-30531","webinaarit","type-webinaarit","status-publish","hentry","category-somenhermolla-cat","category-valmennus-cat"],"acf":{"type":"webinaari","webinaari":{"webinar_icon":"https:\/\/lmsomeco.fi\/wp-content\/uploads\/2025\/05\/video_symbol.png","timetable":{"timetable_date":"16.06.2026","timetable_time":{"time_start":"09:00","time_end":"12:00"}},"register":{"price":"350","register_before":"15.06.2026","link":"https:\/\/www.lyyti.in\/Vaikuttavaa-videomarkkinointia-16062026","info":"Minimiosallistujam\u00e4\u00e4r\u00e4 5 henkil\u00f6\u00e4 - koulutuksen toteutuminen varmistetaan ilmoittuneille viimeist\u00e4\u00e4n 7 vuorokautta ennen koulutusta. Mik\u00e4li osallistuja peruuttaa tulonsa alle 7 p\u00e4iv\u00e4\u00e4 ennen tapahtumaa, perimme 50 % osallistumismaksusta. Peruutus tulee tehd\u00e4 viimeist\u00e4\u00e4n 3 vuorokautta ennen koulutusta."}},"coach":[{"ID":240,"post_author":"5","post_date":"2022-12-05 08:47:57","post_date_gmt":"2022-12-05 08:47:57","post_content":"<!-- wp:paragraph -->\n<p>Olen Anne Halonen, monen liemen kautta copywriteriksi haudutettu kielenk\u00e4yt\u00f6n ammattilainen.<\/p>\n<!-- \/wp:paragraph -->\n\n<!-- wp:paragraph -->\n<p>Teen t\u00f6it\u00e4 niin kuluttajabr\u00e4ndien kuin B2B-organisaatioiden kanssa, mutta kaikkea tekemist\u00e4ni yhdist\u00e4\u00e4 tarinankerronta. Ty\u00f6ni suola ja sokeri on sukeltaa syv\u00e4lle asiakkaan tekemiseen ja l\u00f6yt\u00e4\u00e4 sielt\u00e4 kiteytys, joka tuo heid\u00e4n parhaat puolensa esiin kiinnostavalla ja helposti l\u00e4hestytt\u00e4v\u00e4ll\u00e4 tavalla.<\/p>\n<!-- \/wp:paragraph -->\n\n<!-- wp:paragraph -->\n<p>En syntynyt suoraan mainosalalle. Olen toiminut aiemmin tv-sarjojen k\u00e4\u00e4nt\u00e4j\u00e4n\u00e4 ja reality-k\u00e4sikirjoittajana. Suurin ammatillinen saavutukseni on ollut parhaan k\u00e4sikirjoittajan Venla-ehdokkuus vuonna 2021. Onnekkaan sattuman kautta p\u00e4\u00e4dyin kuitenkin luovaan toimistoon \u2013 ty\u00f6h\u00f6n, jossa saan toteuttaa intohimoani kieleen, ideointiin ja oivalluksiin.<\/p>\n<!-- \/wp:paragraph -->\n\n<!-- wp:paragraph -->\n<p>Parasta LM Somecolla on se, ett\u00e4 ymp\u00e4rill\u00e4 on aina \u00e4\u00e4rett\u00f6m\u00e4n osaava tiimi, jonka kanssa ajatuksia ja konsepteja saa sparrailla. Parhaat ideat syntyv\u00e4t, kun ly\u00f6d\u00e4\u00e4n luovat p\u00e4\u00e4t yhteen. Sytyn hyvist\u00e4 keskusteluista ja hyv\u00e4st\u00e4 kahvista, ja onnekseni niit\u00e4 molempia saa tankkailla toimistolla mielin m\u00e4\u00e4rin.<\/p>\n<!-- \/wp:paragraph -->\n\n<!-- wp:paragraph -->\n<p>Alati muuttuvassa mediaymp\u00e4rist\u00f6ss\u00e4 ty\u00f6skentely pit\u00e4\u00e4 sopivasti varpaillaan ja vaatii jatkuvaa ammatillista kehittymist\u00e4. Mit\u00e4p\u00e4 muuta ikuinen opiskelija voisi ty\u00f6el\u00e4m\u00e4lt\u00e4\u00e4n toivoa? Teko\u00e4lyn ja uusien somealustojen vallatessa alaa haluan kuitenkin pit\u00e4\u00e4 fokuksen asian ytimess\u00e4: vaikka kanavat ja teknologia muuttuvat, viestien vastaanottaja on silti ihminen.<\/p>\n<!-- \/wp:paragraph -->\n\n<!-- wp:paragraph -->\n<p>Ty\u00f6kaverin<strong> <\/strong>sanoin:<\/p>\n<!-- \/wp:paragraph -->\n\n<!-- wp:quote -->\n<blockquote class=\"wp-block-quote\"><!-- wp:paragraph -->\n<p><strong>Aurinkoinen Anne, joka aina ensimm\u00e4isen\u00e4 muistaa kysy\u00e4: \u201dmit\u00e4 kuuluu?\u201d Keksii hetkess\u00e4 miten idea sanallistetaan sulavaksi tekstiksi.<\/strong><\/p>\n<!-- \/wp:paragraph --><\/blockquote>\n<!-- \/wp:quote -->","post_title":"Anne Halonen","post_excerpt":"","post_status":"publish","comment_status":"closed","ping_status":"closed","post_password":"","post_name":"anne-halonen","to_ping":"","pinged":"","post_modified":"2025-09-15 12:47:58","post_modified_gmt":"2025-09-15 09:47:58","post_content_filtered":"","post_parent":0,"guid":"https:\/\/lmsomeco.fi\/personnel\/anne-halonen\/","menu_order":0,"post_type":"personnel","post_mime_type":"","comment_count":"0","filter":"raw"}]},"_links":{"self":[{"href":"https:\/\/lmsomeco.fi\/en\/wp-json\/wp\/v2\/webinaarit\/30531","targetHints":{"allow":["GET"]}}],"collection":[{"href":"https:\/\/lmsomeco.fi\/en\/wp-json\/wp\/v2\/webinaarit"}],"about":[{"href":"https:\/\/lmsomeco.fi\/en\/wp-json\/wp\/v2\/types\/webinaarit"}],"wp:attachment":[{"href":"https:\/\/lmsomeco.fi\/en\/wp-json\/wp\/v2\/media?parent=30531"}],"wp:term":[{"taxonomy":"category","embeddable":true,"href":"https:\/\/lmsomeco.fi\/en\/wp-json\/wp\/v2\/categories?post=30531"}],"curies":[{"name":"wp","href":"https:\/\/api.w.org\/{rel}","templated":true}]}}

<p>Videomarkkinointi on kiistaton megatrendi, joka on paitsi yleisön, myös sosiaalisen median algoritmien suosiossa. Nyt viimeistään on aika tuulettaa perinteiset tavat kertoa tarinaanne, päivittää videomarkkinoinnin strategianne vastaamaan nykypäivän odotuksia ja tehdä juuri teidän näköistänne markkinointia.</p>



<p>Käytännönläheisessä koulutuksessa saat katsauksen videomarkkinoinnin trendeihin eri sosiaalisen median alustoilla ja näet inspiroivia esimerkkejä hyvin toteutetuista ideoista eri lähestymistavoilla. Käymme läpi videosuunnittelun alusta loppuun asti, tutustumme eri videoeditoreihin, joiden avulla voit tuottaa videoita helposti ja nopeasti, ja sivuamme myös tekoälyn mahdollisuuksia videotuotannon apuna.</p>



<p>Mainosrahalla saa näyttökertoja, mutta toimiva sisältö sitouttaa katsojan brändiin. Tule hakemaan avaimet vaikuttavaan videomarkkinointiin, joka vie brändisi uudelle tasolle.</p>



<h2 class="wp-block-heading">Ohjelmassa</h2>



<p></p>



<ul class="wp-block-list">
<li>Katsaus videomarkkinoinnin trendeihin</li>



<li>Video sosiaalisessa mediassa – alustan ehdoilla</li>



<li>Itse vai ostettuna? Vaikuttajayhteistyöt, UGC ja työntekijälähettilyys</li>



<li>Videosuunnittelu alusta loppuun – uusi draaman kaari, viestit ja saavutettavuus</li>



<li>Videotuotannon työkalujen esittely</li>



<li>Tekoäly apuna videotuotannossa</li>
</ul>



<div style="height:100px" aria-hidden="true" class="wp-block-spacer"></div>



<div class="wp-block-group has-white-background-color has-background is-vertical is-layout-flex wp-container-core-group-is-layout-fe9cc265 wp-block-group-is-layout-flex">
<h4 class="wp-block-heading">Ajankohta ei sovi? Tilaa webinaaritallenne!</h4>



<p>Haluaisitko osallistua webinaariimme, mutta sen ajankohta ei sovi kalenteriisi? Meillä on ratkaisu tähän: osta katsottavaksi edellisen webinaaritoteutuksen tallenne!</p>



<div class="wp-block-buttons is-layout-flex wp-block-buttons-is-layout-flex">
<div class="wp-block-button"><a class="wp-block-button__link wp-element-button" href="https://www.lyyti.in/Webinaaritallenne_2026" target="_blank" rel="noreferrer noopener">Osta nyt</a></div>
</div>
</div>

Minimiosallistujamäärä 5 henkilöä - koulutuksen toteutuminen varmistetaan ilmoittuneille viimeistään 7 vuorokautta ennen koulutusta. Mikäli osallistuja peruuttaa tulonsa alle 7 päivää ennen tapahtumaa, perimme 50 % osallistumismaksusta. Peruutus tulee tehdä viimeistään 3 vuorokautta ennen koulutusta.

<!-- wp:paragraph -->
<p>Olen Anne Halonen, monen liemen kautta copywriteriksi haudutettu kielenkäytön ammattilainen.</p>
<!-- /wp:paragraph -->

<!-- wp:paragraph -->
<p>Teen töitä niin kuluttajabrändien kuin B2B-organisaatioiden kanssa, mutta kaikkea tekemistäni yhdistää tarinankerronta. Työni suola ja sokeri on sukeltaa syvälle asiakkaan tekemiseen ja löytää sieltä kiteytys, joka tuo heidän parhaat puolensa esiin kiinnostavalla ja helposti lähestyttävällä tavalla.</p>
<!-- /wp:paragraph -->

<!-- wp:paragraph -->
<p>En syntynyt suoraan mainosalalle. Olen toiminut aiemmin tv-sarjojen kääntäjänä ja reality-käsikirjoittajana. Suurin ammatillinen saavutukseni on ollut parhaan käsikirjoittajan Venla-ehdokkuus vuonna 2021. Onnekkaan sattuman kautta päädyin kuitenkin luovaan toimistoon – työhön, jossa saan toteuttaa intohimoani kieleen, ideointiin ja oivalluksiin.</p>
<!-- /wp:paragraph -->

<!-- wp:paragraph -->
<p>Parasta LM Somecolla on se, että ympärillä on aina äärettömän osaava tiimi, jonka kanssa ajatuksia ja konsepteja saa sparrailla. Parhaat ideat syntyvät, kun lyödään luovat päät yhteen. Sytyn hyvistä keskusteluista ja hyvästä kahvista, ja onnekseni niitä molempia saa tankkailla toimistolla mielin määrin.</p>
<!-- /wp:paragraph -->

<!-- wp:paragraph -->
<p>Alati muuttuvassa mediaympäristössä työskentely pitää sopivasti varpaillaan ja vaatii jatkuvaa ammatillista kehittymistä. Mitäpä muuta ikuinen opiskelija voisi työelämältään toivoa? Tekoälyn ja uusien somealustojen vallatessa alaa haluan kuitenkin pitää fokuksen asian ytimessä: vaikka kanavat ja teknologia muuttuvat, viestien vastaanottaja on silti ihminen.</p>
<!-- /wp:paragraph -->

<!-- wp:paragraph -->
<p>Työkaverin<strong> </strong>sanoin:</p>
<!-- /wp:paragraph -->

<!-- wp:quote -->
<blockquote class="wp-block-quote"><!-- wp:paragraph -->
<p><strong>Aurinkoinen Anne, joka aina ensimmäisenä muistaa kysyä: ”mitä kuuluu?” Keksii hetkessä miten idea sanallistetaan sulavaksi tekstiksi.</strong></p>
<!-- /wp:paragraph --></blockquote>
<!-- /wp:quote -->
